greatest common divisor of 7221711 and 42.
21
Calculate the greatest common divisor of 399030 and 16131.
849
What is the highest common factor of 51602 and 6?
2
What is the highest common divisor of 22132 and 28?
4
What is the greatest common factor of 186 and 5952558?
186
What is the greatest common factor of 246 and 18978?
6
What is the greatest common divisor of 406866 and 342?
114
Calculate the highest common divisor of 5 and 37615.
5
What is the greatest common divisor of 44580 and 300?
60
Calculate the highest common factor of 375 and 8985.
15
Calculate the highest common divisor of 105 and 8946.
21
Calculate the highest common divisor of 18 and 44040.
6
Calculate the highest common factor of 6042 and 67602.
114
What is the greatest common factor of 4173 and 20358?
39
Calculate the greatest common factor of 11472 and 240.
48
Calculate the greatest common factor of 5268 and 5532.
12
What is the greatest common divisor of 361 and 301891?
19
Calculate the greatest common divisor of 2847 and 4329.
39
Calculate the highest common divisor of 500243 and 753.
251
Calculate the greatest common factor of 136164 and 168.
84
Calculate the greatest common factor of 2422 and 3114.
346
What is the greatest common divisor of 5860 and 2880?
20
What is the highest common divisor of 583 and 514206?
583
What is the greatest common factor of 2017270 and 15?
5
Calculate the greatest common divisor of 2 and 99338.
2
Calculate the highest common factor of 28466 and 774.
86
Calculate the highest common divisor of 158337 and 10731.
219
What is the greatest common factor of 68 and 1514972?
68
What is the highest common factor of 14 and 48629?
7
What is the greatest common divisor of 12727 and 286?
143
Calculate the greatest common divisor of 590486 and 676.
338
Calculate the greatest common divisor of 214 and 316506.
214
Calculate the highest common divisor of 594 and 10758.
66
Calculate the highest common factor of 144 and 55656.
72
What is the greatest common divisor of 22 and 148577?
11
Calculate the highest common factor of 238 and 56.
14
What is the highest common divisor of 170 and 14750?
10
Calculate the highest common factor of 90 and 151890.
30
Calculate the highest common divisor of 191 and 195011.
191
Calculate the highest common divisor of 187 and 170.
17
What is the greatest common factor of 11055 and 1340?
335
What is the greatest common factor of 432 and 32656?
16
What is the highest common divisor of 21789 and 24219?
81
What is the highest common factor of 2418 and 2184?
78
Calculate the greatest common factor of 4240 and 90320.
80
Calculate the greatest common divisor of 42890 and 2650.
10
Calculate the greatest common factor of 1209 and 1011.
3
What is the greatest common factor of 62720 and 32?
32
What is the highest common divisor of 615 and 26322?
123
What is the greatest common factor of 4010 and 2930?
10
What is the greatest common divisor of 2445803 and 443?
443
Calculate the greatest common divisor of 1395 and 26685.
45
What is the greatest common factor of 15532 and 404?
4
What is the highest common divisor of 14 and 70861?
7
Calculate the highest common factor of 6176 and 5597.
193
What is the highest common factor of 24 and 2698264?
8
What is the highest common factor of 42490 and 420?
70
What is the greatest common divisor of 682379 and 131?
131
Calculate the highest common factor of 223516 and 266.
38
What is the highest common divisor of 372 and 8?
4
What is the greatest common factor of 1546 and 2005162?
1546
Calculate the highest common factor of 9 and 335697.
3
What is the highest common divisor of 13910 and 287690?
130
What is the highest common divisor of 629 and 13836113?
629
Calculate the highest common factor of 1763 and 74218.
43
Calculate the greatest common divisor of 4 and 230948.
4
What is the highest common factor of 10757 and 279?
31
What is the highest common factor of 77634 and 56750?
454
What is the highest common factor of 63 and 588798?
63
What is the greatest common factor of 284390 and 170?
10
Calculate the highest common factor of 12851019 and 279.
279
Calculate the greatest common factor of 57876 and 4053.
21
What is the greatest common divisor of 196 and 398?
2
Calculate the highest common divisor of 265 and 90577.
53
What is the highest common factor of 28 and 156268?
28
What is the highest common factor of 114 and 65778?
114
Calculate the greatest common divisor of 322 and 980.
14
Calculate the highest common divisor of 34 and 426224.
34
What is the greatest common divisor of 414456 and 14?
14
Calculate the highest common factor of 249 and 284275.
83
Calculate the greatest common factor of 90 and 88395.
15
Calculate the highest common factor of 374886 and 2124.
1062
Calculate the highest common divisor of 86208 and 15168.
192
Calculate the highest common divisor of 57780 and 7276.
428
Calculate the greatest common divisor of 3426 and 42.
6
Calculate the highest common divisor of 150720 and 174.
6
What is the highest common factor of 1300 and 275?
25
What is the highest common factor of 635850 and 75?
75
What is the greatest common divisor of 380 and 4327630?
190
Calculate the greatest common factor of 7700 and 910140.
1540
Calculate the highest common factor of 2073191 and 1135.
227
Calculate the highest common divisor of 8347053 and 429.
429
What is the greatest common divisor of 208 and 37258?
26
What is the greatest common divisor of 15768 and 837?
27
What is the highest common divisor of 22120 and 168?
56
Calculate the greatest common factor of 1272 and 22734.
6
Calculate the highest common factor of 734349 and 1122.
561
Calculate the greatest common factor of 69700 and 102.
34
What is the greatest common divisor of 119385 and 315?
315
Calculate the highest common factor of 1031856 and 12.
12
Calculate the highest common factor of 51048 and 112022.
1418
Calculate the greatest common factor of 1562 and 947353.
781
What is the highest common divisor of 581 and 1992?
83
Calculate the greatest common divisor of 168 and 18648.
168
What is the greatest common divisor of 65399 and 1003?
17
What is the greatest common factor of 16 and 1236656?
16
Calculate the highest common divisor of 463506 and 1809.
201
Calculate the greatest common divisor of 64 and 15624.
8
What is the greatest common divisor of 164 and 253216?
164
Calculate the greatest common factor of 1024 and 54848.
64
Calculate the greatest common factor of 712 and 730868.
356
What is the highest common divisor of 81 and 4761?
9
Calculate the greatest common divisor of 9405938 and 142.
142
Calculate the greatest common factor of 1037 and 541741.
61
Calculate the highest common divisor of 11457 and 31635.
171
Calculate the greatest common factor of 118078 and 172.
86
What is the greatest common divisor of 781 and 1507?
11
Calculate the greatest common factor of 160 and 11744.
32
What is the greatest common factor of 1611302 and 98?
14
Calculate the highest common divisor of 46224 and 21816.
216
Calculate the highest common factor of 3025 and 26015.
605
Calculate the highest common divisor of 1737 and 153.
9
What is the highest common divisor of 5 and 98615?
5
What is the highest common factor of 180 and 27600?
60
Calculate the greatest common factor of 5798 and 156.
26
Calculate the highest common factor of 3168 and 12320.
352
What is the greatest common divisor of 65 and 1023646?
13
Calculate the greatest common divisor of 1 and 121789.
1
Calculate the highest common factor of 117980 and 3060.
340
Calculate the greatest common divisor of 120 and 16190.
10
What is the greatest common factor of 12 and 51846?
6
What is the greatest common divisor of 2021 and 1927?
47
Calculate the highest common divisor of 768 and 256128.
384
Calculate the highest common factor of 113 and 96276.
113
What is the highest common factor of 648 and 232632?
648
Calculate the greatest common factor of 3294 and 4707.
9
Calculate the highest common factor of 6 and 1121298.
6
What is the highest common factor of 1825 and 145?
5
What is the highest common factor of 72 and 1433496?
24
What is the greatest common divisor of 576 and 71568?
144
What is the greatest common factor of 1290 and 32010?
30
Calculate the highest common divisor of 61522 and 228.
38
Calculate the greatest 